 is the remainder when 157677 is divided by 101?
16
What is the remainder when 1016 is divided by 84?
8
What is the remainder when 123137 is divided by 274?
111
Calculate the remainder when 276073 is divided by 581.
98
What is the remainder when 58556743 is divided by 14639176?
39
What is the remainder when 2745046 is divided by 506?
502
What is the remainder when 1130630 is divided by 226089?
185
Calculate the remainder when 15109917 is divided by 192.
93
Calculate the remainder when 10299545 is divided by 446.
67
What is the remainder when 8166571 is divided by 31?
24
Calculate the remainder when 24870336 is divided by 391.
390
Calculate the remainder when 4835755 is divided by 6000.
5755
Calculate the remainder when 111011 is divided by 31.
0
Calculate the remainder when 50539 is divided by 1419.
874
Calculate the remainder when 662883 is divided by 931.
11
What is the remainder when 65550008 is divided by 1884?
1880
What is the remainder when 553628 is divided by 182?
166
Calculate the remainder when 832732 is divided by 138766.
136
What is the remainder when 336141 is divided by 755?
166
What is the remainder when 2703855 is divided by 911?
7
Calculate the remainder when 5566366 is divided by 135764.
42
What is the remainder when 662446 is divided by 330631?
1184
Calculate the remainder when 16784 is divided by 16763.
21
Calculate the remainder when 122147 is divided by 277.
267
What is the remainder when 43330697 is divided by 3626?
3623
What is the remainder when 495252 is divided by 164962?
366
Calculate the remainder when 73143 is divided by 595.
553
Calculate the remainder when 606916 is divided by 702.
388
What is the remainder when 42881127 is divided by 42881117?
10
Calculate the remainder when 105631 is divided by 35083.
382
What is the remainder when 1261645 is divided by 3178?
3157
What is the remainder when 939036 is divided by 234746?
52
What is the remainder when 195742 is divided by 400?
142
Calculate the remainder when 219500 is divided by 10975.
0
What is the remainder when 165785 is divided by 5624?
2689
What is the remainder when 230721 is divided by 267?
33
Calculate the remainder when 6699159 is divided by 1580.
1539
What is the remainder when 5103825 is divided by 14?
13
Calculate the remainder when 18719 is divided by 1538.
263
What is the remainder when 1400409 is divided by 214?
207
What is the remainder when 263852 is divided by 36?
8
Calculate the remainder when 865458 is divided by 43.
40
What is the remainder when 46086894 is divided by 835?
739
Calculate the remainder when 27886160 is divided by 2861.
2854
What is the remainder when 157075720 is divided by 5916?
4
What is the remainder when 3501813 is divided by 212?
209
Calculate the remainder when 25835523 is divided by 15.
3
Calculate the remainder when 6350073 is divided by 2821.
2
What is the remainder when 16025293 is divided by 22?
9
What is the remainder when 476938 is divided by 117891?
5374
Calculate the remainder when 632134 is divided by 6.
4
What is the remainder when 36483260 is divided by 4419?
4415
What is the remainder when 16500420 is divided by 30?
0
What is the remainder when 125169998 is divided by 2139?
2135
What is the remainder when 733847 is divided by 242760?
5567
Calculate the remainder when 5194969 is divided by 43646.
1095
What is the remainder when 93543766 is divided by 26?
4
What is the remainder when 662772 is divided by 19487?
214
Calculate the remainder when 22155827 is divided by 402.
401
Calculate the remainder when 154173 is divided by 437.
349
What is the remainder when 29436048 is divided by 7?
5
Calculate the remainder when 3855 is divided by 1840.
175
Calculate the remainder when 32063810 is divided by 862.
858
What is the remainder when 18335723 is divided by 39?
29
Calculate the remainder when 1796475 is divided by 37.
14
What is the remainder when 8795879 is divided by 636?
635
What is the remainder when 38101389 is divided by 3035?
3034
What is the remainder when 1589749 is divided by 227100?
49
Calculate the remainder when 6304939 is divided by 1568.
11
What is the remainder when 39103042 is divided by 4883?
4861
What is the remainder when 472764 is divided by 157082?
1518
Calculate the remainder when 7379657 is divided by 16.
9
What is the remainder when 1806205 is divided by 5557?
180
Calculate the remainder when 348387 is divided by 302.
181
What is the remainder when 32404886 is divided by 2958?
2954
Calculate the remainder when 342275 is divided by 7783.
7606
What is the remainder when 5444603 is divided by 32?
27
Calculate the remainder when 147102 is divided by 226.
202
What is the remainder when 5594833 is divided by 116?
37
What is the remainder when 11299527 is divided by 291?
288
What is the remainder when 5532505 is divided by 73765?
130
Calculate the remainder when 458904 is divided by 2175.
2154
What is the remainder when 303645 is divided by 47?
25
What is the remainder when 8198216 is divided by 2732686?
158
What is the remainder when 173143008 is divided by 2318?
2316
What is the remainder when 134632 is divided by 5933?
4106
What is the remainder when 1540000 is divided by 6873?
448
Calculate the remainder when 68047609 is divided by 22682505.
94
Calculate the remainder when 2378160 is divided by 125165.
25
What is the remainder when 3018171 is divided by 748?
739
Calculate the remainder when 10990264 is divided by 715.
714
Calculate the remainder when 1981793 is divided by 4190.
4113
What is the remainder when 13595786 is divided by 415?
386
Calculate the remainder when 4207445 is divided by 53.
40
What is the remainder when 13231910 is divided by 218?
182
What is the remainder when 774338 is divided by 257927?
557
What is the remainder when 45297029 is divided by 68?
53
Calculate the remainder when 123155007 is divided by 2630.
2627
What is the remainder when 4562982 is divided by 5?
2
Calculate the remainder when 3892121 is divided by 4145.
4111
What is the remainder when 138133125 is divided by 168?
165
Calculate the remainder when 1450804 is divided by 29.
21
Calculate the remainder when 2782954 is divided by 108.
10
Calculate the remainder when 3737241 is divided by 27080.
201
Calculate the remainder when 39115168 is divided by 10.
8
Calculate the remainder when 634670 is divided by 317335.
0
What is the remainder when 29213 is divided by 818?
583
Calculate the remainder when 8772272 is divided by 1462043.
14
Calculate the remainder when 9626 is divided by 2430.
2336
What is the remainder when 11835008 is divided by 123?
71
What is the remainder when 5723269 is divided by 54?
25
Calculate the remainder when 50162346 is divided by 299.
13
Calculate the remainder when 493763 is divided by 587.
96
Calculate the remainder when 10768164 is divided by 3224.
4
What is the remainder when 328711 is divided by 7296?
391
What is the remainder when 661978 is divided by 1495?
1188
Calculate the remainder when 259872 is divided by 302.
152
What is the remainder when 455056 is divided by 75815?
166
Calculate the remainder when 319417 is divided by 1426.
1419
What is the remainder when 5806086 is divided by 1935229?
399
Calculate the remainder when 457425 is divided by 1670.
1515
Calculate the remainder when 17962544 is divided by 23823.
2
Calculate the remainder when 791457 is divided by 2061.
33
What is the remainder when 17595693 is divided by 16?
13
What is the remainder when 8572820 is divided by 98?
74
Calculate the remainder when 83929 is divided by 749.
41
What is the remainder when 111310 is divided by 3404?
2382
Calculate the remainder when 14022 is divided by 6781.
460
What is the remainder when 48207772 is divided by 317?
314
Calculate the remainder when 53278677 is divided by 735.
732
What is the remainder when 5491011 is divided by 189?
183
Calculate the remainder when 115035303 is divided by 10457754.
9
What is the remainder when 3387026 is divided by 1563?
5
Calculate the remainder when 21105 is divided by 6868.
501
Calculate the remainder when 16427199 is divided by 2662.
2659
Calculate the remainder when 884584 is divided by 562.
558
What is the remainder when 316422 is divided by 12170?
2
Calculate the remainder when 77716 is divided by 7766.
56
Calculate the remainder when 469777 